0, 0 = s + 6*g - 5*g - 21. What is the remainder when k(7) is divided by s?
21
Let i(m) = -8 + 2*m**2 + 5*m**2 - 8*m**2 + 10*m. Let r be i(9). Suppose -23 = -h + r. Calculate the remainder when 94 is divided by h.
22
Suppose 3*w + 5 = 4*f - 6, -w = 5*f - 28. Suppose f*k - 2*y = 256, -4*k + 3*y + 0*y = -209. Calculate the remainder when k is divided by 26.
24
Suppose a - 2*a - 2*u - 6 = 0, 5*a = 5*u + 30. Let b = a + 8. Calculate the remainder when 89 is divided by b.
9
Suppose -19*w + 2125 = 491. What is the remainder when 149 is divided by w?
63
Let j be (-764)/(-16) + (-6)/8. Suppose 3*r = 2*r + j. What is the remainder when r is divided by 12?
11
Let t(i) = -4*i - 20. Let h be t(-5). Suppose 2*l = v + 22, 4*v - 42 = -2*l - h*l. Calculate the remainder when l is divided by -2*8/(-2)*1.
5
Let x(t) = t**2 - 2*t - 28. Let i be x(6). Let s(p) = 5*p**2 + 4*p - 2. What is the remainder when s(i) is divided by 32?
30
Let d(k) = k**3 - 9*k**2 + 5*k - 8. Let v(y) = y**2 + 2. Let j be v(-2). Let r be j/(5 + -2) + 7. Calculate the remainder when d(r) is divided by 10.
7
Let s(c) = c**3 - 6*c**2 + 3*c - 7. Let k be s(6). Let a(u) = u + 5. What is the remainder when 46 is divided by a(k)?
14
Suppose -2*w - 75 = -2*g + g, 3*g - 5*w = 225. What is the remainder when g is divided by 13?
10
Suppose -3*y - 56 = -4*v - 13, 0 = 2*v - y - 23. Calculate the remainder when 60 - 3/(1 - 2) is divided by v.
11
Suppose 7*d + d - 208 = 0. Let v = d - -1. What is the remainder when v is divided by 7?
6
Let i = 190 - 125. Calculate the remainder when i is divided by 39.
26
Let m(z) = 2*z - 7. Let y be m(6). Suppose y*q - 134 + 49 = 0. Let j = q + -13. What is the remainder when 14 is divided by j?
2
Let y(v) = -v**2 - 23*v - 20. Let n be ((-3)/9)/(2/6). What is the remainder when y(-19) is divided by 42/2 - (3 + n)?
18
Calculate the remainder when 49 + -1 - (-6 + 56/14) is divided by 14.
8
Let y = 34 + -37. Let g = y + 15. Calculate the remainder when 35 is divided by g.
11
Let n be (29/87)/(2/(24/1)). Suppose 0 = -3*o + 4*v + 397, -7*o + 5*v = -n*o - 401. Calculate the remainder when o is divided by 32.
31
Let p(m) = -m - 6. Suppose 22*o = 23*o - 25. Calculate the remainder when o is divided by p(-20).
11
Let f be 15/(15/10*-1). Let g(m) = m**2 + 7*m - 13. Calculate the remainder when 32 is divided by g(f).
15
Let g(s) = -s**2 + 14*s + 22. Let d be g(15). Suppose -4*y + d = 3*y. Let o(u) = 9*u + 2. What is the remainder when 43 is divided by o(y)?
10
What is the remainder when 189 is divided by (-3)/6 + (-189)/(-18)?
9
Suppose -3*u + 3 = v + 10, -2*v + u = -21. Let c be ((-176)/(-12))/((-4)/(-30)). Suppose c = s + 4*s. What is the remainder when s is divided by v?
6
Let u = 600 - 580. Calculate the remainder when 22 is divided by u.
2
Suppose -45*v + 1345 = -1535. What is the remainder when v is divided by 5?
4
Let t(u) be the third derivative of -1/2*u**4 - 2/15*u**5 - 2*u**3 - 1/120*u**6 + 0 + 0*u - 8*u**2. What is the remainder when 67 is divided by t(-7)?
21
Let b(a) = a**3 + 5*a**2 - 7*a - 2. Let f be b(-6). Suppose 0 = -f*p - 14 - 14. Let n = 17 + p. Calculate the remainder when 37 is divided by n.
7
Let r(n) = 12*n**3 + n**2 + 5*n - 5. Calculate the remainder when 1532 is divided by r(1).
11
Suppose 0 = -56*i + 1212 + 804. Calculate the remainder when 466 is divided by i.
34
Suppose 54*m = 56*m - 6. Suppose 3*o + 6*f = 7*f + 77, -m*f = o - 19. What is the remainder when o is divided by 15?
10
Suppose 142 + 216 = 2*d. What is the remainder when d is divided by 36?
35
Suppose p = -150 + 166. What is the remainder when 80 is divided by p?
0
What is the remainder when (-3 + 50 + -6)/1 is divided by 11?
8
Let w(r) = -3*r**2 + 38*r. Let t(z) = 4*z**2 - 40*z + 1. Let j(l) = -6*t(l) - 7*w(l). Calculate the remainder when j(-7) is divided by 11.
7
Let n be 2 + (1 - 2/1). Let y be -1*n - (17 + -48). Suppose -5*h = -2*u + 1, -u + 4*u + 2*h = y. Calculate the remainder when 29 is divided by u.
5
Suppose -m + 236 = 4*z + 3*m, -m = -4*z + 226. Suppose 3*k + g - 57 = z, 77 = 2*k + g. What is the remainder when k is divided by (4/(-3))/((-1)/15)?
17
Let a(r) = 2*r**2 + 21*r - 1. What is the remainder when 61 is divided by a(-12)?
26
Let f(l) be the first derivative of l**3/3 - 4*l**2 - 12*l - 8. Let q = 29 + -18. What is the remainder when f(q) is divided by 8?
5
What is the remainder when 30*((-24)/(-15) - (-20)/(-25)) is divided by 5?
4
Suppose 4*w = -5*l + 231 - 26, 0 = -2*l + 10. Calculate the remainder when 854 is divided by w.
44
Let q(n) = -11*n + 124. What is the remainder when q(-5) is divided by 50?
29
Suppose -o - 1 + 15 = 0. What is the remainder when o is divided by 6?
2
Let f = -2 + 6. Suppose f*r + 2*j = 162, -2*j + 0*j = -10. Calculate the remainder when r is divided by 3/(-2) - ((-87)/(-6))/(-1).
12
Calculate the remainder when 30 is divided by 90/(-24)*-2*2.
0
Let l = 103 - 5. Let p = l - 23. Suppose -3*b = 2*b - p. What is the remainder when 42 is divided by b?
12
Suppose 20 = 3*d + 2*b, 3*b = d - 2*b - 1. Suppose j + 109 = 5*j - o, -107 = -4*j - o. Calculate the remainder when j is divided by d.
3
Suppose d + 0*d = -3*w - 4407, w + 3*d = -1461. What is the remainder when w/(-22) + (-12)/(-66) is divided by 14?
11
Let k be 0/((24/(-3))/(-4)). Suppose -2*c - 2*c + 8 = k. Suppose -c*m - 2*t + 33 = t, 5*t - 5 = 0. Calculate the remainder when 57 is divided by m.
12
Suppose -4*s + 65 + 139 = 2*q, 5*q + 3*s - 482 = 0. Let z = -35 + q. What is the remainder when z is divided by 15?
14
Let n(d) = 13*d**2 + 22*d + 135. Calculate the remainder when n(-5) is divided by 44.
42
Let i(r) = -r - 18. Let z be i(-12). What is the remainder when ((-480)/18)/(2/z) is divided by 22?
14
Let b = -724 + 822. What is the remainder when b is divided by 22/3*(-18)/(-4)?
32
What is the remainder when 24 is divided by 14/(6/(-1) + 8)?
3
Let l(o) be the first derivative of -37*o**2/2 - 11*o + 46. What is the remainder when l(-4) is divided by 10?
7
Suppose j + 3*j - 740 = -4*t, t - 2*j = 185. Suppose 0 = -p + v + 45, 4*p + v + 0*v - t = 0. What is the remainder when p is divided by 17?
12
Let l = -1 + 12. Let z(k) = 6*k - 26. Let j be z(l). Suppose 3*y - j = -y. Calculate the remainder when 28 is divided by y.
8
Let k(a) = -a**3 + 10*a**2 - 69. Calculate the remainder when k(7) is divided by 5.
3
Let j(t) = -15*t - 7. Suppose -2*g + 4 = 2*o + 6, 2*o + 5*g + 17 = 0. Let z be j(o). Let n = -42 - z. Calculate the remainder when n is divided by 9.
7
Let m(k) = 46*k**2 + 2 - k**3 - 43*k**2 - 4*k + k. Let j be m(2). What is the remainder when 38 is divided by (9 - j/2) + 4?
12
Suppose 2*u + 13 = -2*l + 59, -2*u = -4*l - 76. Suppose 4*y - u = -b, -3*b + 40 = 3*y - 7*b. Calculate the remainder when -1 + 34 + -4 + 1 is divided by y.
6
Suppose 3*o = -4*g + 38, 5*g + 0*g = -o + 31. What is the remainder when o is divided by 1/4 + 23/4?
0
Suppose 3*j + r - 3 = -2*r, 2*j + 4*r = 0. Suppose -21 = -j*x + 11. What is the remainder when 45 is divided by x?
13
Let p(j) = -11*j - 134. Calculate the remainder when p(-16) is divided by 9.
6
Suppose -4*w - 895 = -9*w. What is the remainder when w is divided by 36?
35
Suppose 48 = 5*r + 7*r. Suppose -r*w = 6*w - 200. Suppose 32 + 4 = 3*y. What is the remainder when w is divided by y?
8
Calculate the remainder when 61 is divided by 37/5 + 30/50.
5
Let o(y) = -y**3 - 25*y**2 - 3*y + 2. Suppose -2*m - 3*m + 130 = 0. Calculate the remainder when o(-25) is divided by m.
25
Suppose 3*c - 3*t = 798, -4*c + 3*t - 1338 = -9*c. Calculate the remainder when c is divided by 15.
12
Suppose f = -0*f + 4. Let t = f - -4. Calculate the remainder when 30 is divided by t.
6
Let k(u) = -4*u + 880. Calculate the remainder when k(61) is divided by 71.
68
Suppose -3970 = 41*n - 26233. What is the remainder when n is divided by 178?
9
Let c(s) = 35*s. Suppose 3 = -d + 6. Suppose 15 = -4*j + 3*j + 4*f, -d*f = 3*j - 15. Calculate the remainder when c(j) is divided by 13.
9
Let r = 2555 - 2543. Suppose 0 = 3*m, -3*m + 0*m = 3*h - 60. What is the remainder when h is divided by r?
8
Let w(v) = -9*v - 3. Suppose 2*s = 3*s - 3. Suppose 7 = -s*m + 1. What is the remainder when 28 is divided by w(m)?
13
Suppose 1 = w, -7*a + 2*a + 5*w + 145 = 0. Let h(j) = -j**2 + 4*j + 118. What is the